{"id":1961,"date":"2023-04-12T09:47:06","date_gmt":"2023-04-12T09:47:06","guid":{"rendered":"https:\/\/www.agrupamentoolaias.edu.pt\/portal\/?page_id=1961"},"modified":"2023-06-16T09:10:01","modified_gmt":"2023-06-16T09:10:01","slug":"avaliacao-externa-2022-2023","status":"publish","type":"page","link":"https:\/\/www.agrupamentoolaias.edu.pt\/portal\/avaliacao-externa-2022-2023\/","title":{"rendered":"Avalia\u00e7\u00e3o externa 2022\/2023"},"content":{"rendered":"\n\n\n<p>Informa\u00e7\u00f5es sobre provas de aferi\u00e7\u00e3o, provas finais e provas de equival\u00eancia&nbsp;\u00e0 frequ\u00eancia.<\/p>\n\n\n\n<p class=\"has-black-color has-text-color\"><span style=\"color: #99cc00;\"><strong>Legisla\u00e7\u00e3o<\/strong><\/span><\/p>\n\n\n\n<ul class=\"has-small-font-size wp-block-list\"><li><a rel=\"noreferrer noopener\" href=\"https:\/\/files.dre.pt\/2s\/2022\/07\/131000000\/0007600086.pdf\" data-type=\"URL\" data-id=\"https:\/\/files.dre.pt\/2s\/2022\/07\/131000000\/0007600086.pdf\" target=\"_blank\"><strong>Despacho n.\u00ba 8356\/2022<\/strong><\/a>, de 8 de julho &#8211; &nbsp;Calend\u00e1rio dos anos escolares 2022_2023 (inclui calend\u00e1rio das provas)<\/li><li><strong><a href=\"https:\/\/dre.pt\/dre\/detalhe\/despacho\/3232-b-2023-208462726\">Despacho n.\u00ba 3232-B\/2023<\/a><\/strong> &#8211; Retifica\u00e7\u00e3o ao calend\u00e1rio escolar (altera\u00e7\u00e3o de datas&nbsp;das provas de aferi\u00e7\u00e3o)&nbsp;<\/li><li><a rel=\"noreferrer noopener\" href=\"https:\/\/www.agrupamentoolaias.edu.pt\/portal\/wp-content\/uploads\/2023\/04\/Novo-Guia-para-a-realizacao-das-provas-de-afericao-23.pdf\" target=\"_blank\">Guia para a realiza\u00e7\u00e3o das provas de aferi\u00e7\u00e3o <\/a>&#8211; Cont\u00e9m informa\u00e7\u00f5es para alunos e encarregados de educa\u00e7\u00e3o sobre as provas de aferi\u00e7\u00e3o<\/li><li><a rel=\"noopener\" href=\"https:\/\/www.agrupamentoolaias.edu.pt\/portal\/wp-content\/uploads\/2023\/04\/Regulamento-das-provas-e-exames-2023-1.pdf\" target=\"_blank\">Regulamento das provas e exames 2023<\/a> &#8211; Regulamento das Provas<br \/>de Avalia\u00e7\u00e3o Externa e das Provas de Equival\u00eancia \u00e0 Frequ\u00eancia<\/li><li><a rel=\"noopener\" href=\"https:\/\/www.agrupamentoolaias.edu.pt\/portal\/wp-content\/uploads\/2023\/04\/Norma-01_JNE_2023.pdf\" target=\"_blank\">Norma 01 JNE 2023<\/a> &#8211; Instru\u00e7\u00f5es para Realiza\u00e7\u00e3o Provas e Exames<\/li><li><a rel=\"noopener\" href=\"https:\/\/www.agrupamentoolaias.edu.pt\/portal\/wp-content\/uploads\/2023\/04\/Manual-da-PIEPE-Instrucoes-Alunos-2023.pdf\" target=\"_blank\">Manual da PIEPE Instru\u00e7\u00f5es Alunos 2023<\/a> &#8211; Informa\u00e7\u00e3o necess\u00e1ria \u00e0 utiliza\u00e7\u00e3o da aplica\u00e7\u00e3o inform\u00e1tica PIEPE<\/li><li><a rel=\"noopener\" href=\"https:\/\/jnepiepe.dge.mec.pt\/site\/login\" target=\"_blank\">Plataforma de Inscri\u00e7\u00e3o Eletr\u00f3nica em Provas e Exames \u2013 PIEPE<\/a> &#8211; Plataforma Inform\u00e1tica PIEPE<\/li><li><a rel=\"noopener\" href=\"https:\/\/www.agrupamentoolaias.edu.pt\/portal\/wp-content\/uploads\/2023\/04\/Guia-para-aplicacao-de-adaptacoes-2023.pdf\" target=\"_blank\">Guia para aplica\u00e7\u00e3o de adapta\u00e7\u00f5es 2023<\/a> &#8211; JNE\/2023<\/li><li><a rel=\"noreferrer noopener\" href=\"https:\/\/www.agrupamentoolaias.edu.pt\/portal\/wp-content\/uploads\/2023\/04\/Informacao-PIEF-3o-ciclo-e-CEF-nivel-2.pdf\" target=\"_blank\">Informa\u00e7\u00e3o PIEF (3\u00ba ciclo) e CEF (n\u00edvel 2)<\/a> &#8211; Inscri\u00e7\u00e3o de alunos PIEF (3\u00ba ciclo) e CEF (n\u00edvel 2) nas Provas Finais de Ciclo de Portugu\u00eas e Matem\u00e1tica<\/li><li><a rel=\"noreferrer noopener\" href=\"https:\/\/www.agrupamentoolaias.edu.pt\/portal\/wp-content\/uploads\/2023\/05\/Norma2_atualizacao.pdf\" target=\"_blank\">Norma 2 JNE 2023<\/a> &#8211; Instru\u00e7\u00f5es para Realiza\u00e7\u00e3o Classifica\u00e7\u00e3o Reaprecia\u00e7\u00e3o Reclama\u00e7\u00e3o: Provas e Exames do Ensino B\u00e1sico e Secund\u00e1rio (atualiza\u00e7\u00e3o das p\u00e1ginas 66, 75 e 76)<\/li><li><a href=\"https:\/\/www.agrupamentoolaias.edu.pt\/portal\/wp-content\/uploads\/2023\/05\/Resumo-da-Norma-2-alunos-22-23.pdf\" data-type=\"URL\" data-id=\"https:\/\/www.agrupamentoolaias.edu.pt\/portal\/wp-content\/uploads\/2023\/05\/Resumo-da-Norma-2-alunos-22-23.pdf\">Resumo da Norma 2 <\/a>&#8211; Alunos &#8211; 2022-2023<\/li><li><a href=\"https:\/\/www.agrupamentoolaias.edu.pt\/portal\/aviso-sobre-telemoveis\/\" target=\"_blank\" rel=\"noreferrer noopener\">Aviso<\/a><\/li><\/ul>\n\n\n\n<p class=\"has-black-color has-text-color\"><strong><span style=\"color: #99cc00;\"><strong>Informa\u00e7\u00f5es-Provas de aferi\u00e7\u00e3o<\/strong><\/span><\/strong><\/p>\n\n\n\n<ul class=\"wp-block-list\"><li><a href=\"https:\/\/www.agrupamentoolaias.edu.pt\/portal\/wp-content\/uploads\/2023\/04\/IP-Geral-2023-4-1-1.pdf\" target=\"_blank\" rel=\"noreferrer noopener\">IP Geral 2023 <\/a>&#8211; Informa\u00e7\u00e3o&nbsp;geral para todas as provas<\/li><li><a rel=\"noreferrer noopener\" href=\"https:\/\/www.agrupamentoolaias.edu.pt\/portal\/wp-content\/uploads\/2023\/04\/IP-PA-2-2023-3-1.pdf\" target=\"_blank\">IP PA 2 2023<\/a> &#8211; Informa\u00e7\u00e3o&nbsp;sobre provas de aferi\u00e7\u00e3o&nbsp;do 2\u00ba ano<\/li><li><a rel=\"noreferrer noopener\" href=\"https:\/\/www.agrupamentoolaias.edu.pt\/portal\/wp-content\/uploads\/2023\/04\/IP-PA-5-2023-2-1.pdf\" target=\"_blank\">IP PA 5 2023<\/a> &#8211; Informa\u00e7\u00e3o&nbsp;sobre provas de aferi\u00e7\u00e3o&nbsp;do 5\u00ba ano<\/li><li><a rel=\"noreferrer noopener\" href=\"https:\/\/www.agrupamentoolaias.edu.pt\/portal\/wp-content\/uploads\/2023\/04\/IP-PA-8-2023-2-1.pdf\" target=\"_blank\">IP PA 8 2023<\/a> &#8211; Informa\u00e7\u00e3o&nbsp;sobre provas de aferi\u00e7\u00e3o&nbsp;do 8\u00ba ano<\/li><li><a rel=\"noreferrer noopener\" href=\"https:\/\/www.agrupamentoolaias.edu.pt\/portal\/wp-content\/uploads\/2023\/04\/IC-PA-2Ano_2023-1.pdf\" target=\"_blank\">IC PA 2 ano 2023<\/a> &#8211; Informa\u00e7\u00e3o&nbsp;complementar sobre provas de aferi\u00e7\u00e3o de Educa\u00e7\u00e3o F\u00edsica e Educa\u00e7\u00e3o Art\u00edstica (2\u00ba ano)<\/li><li><a rel=\"noreferrer noopener\" href=\"https:\/\/www.agrupamentoolaias.edu.pt\/portal\/wp-content\/uploads\/2023\/04\/IC-PA-5Ano-2023-2.pdf\" target=\"_blank\">IC PA 5 ano 2023 <\/a>&#8211; Informa\u00e7\u00e3o&nbsp;complementar sobre provas de aferi\u00e7\u00e3o de Educa\u00e7\u00e3o F\u00edsica (5\u00ba ano)<\/li><li><a rel=\"noreferrer noopener\" href=\"https:\/\/www.agrupamentoolaias.edu.pt\/portal\/wp-content\/uploads\/2023\/04\/IC-PA-8Ano-2023-2-2.pdf\" target=\"_blank\">IC PA 8 ano 2023 <\/a>&#8211; Informa\u00e7\u00e3o&nbsp;complementar sobre provas de aferi\u00e7\u00e3o de OCC de Ci\u00eancias Naturais\/F\u00edsico Qu\u00edmica&nbsp; e TIC (8\u00ba ano)<\/li><\/ul>\n\n\n\n<p><span style=\"color: #99cc00;\"><strong>Informa\u00e7\u00f5es-Provas finais de ciclo<\/strong><\/span><\/p>\n\n\n\n<ul class=\"wp-block-list\"><li><a href=\"https:\/\/www.agrupamentoolaias.edu.pt\/portal\/wp-content\/uploads\/2023\/04\/IP-Geral-2023-4-1-1.pdf\" target=\"_blank\" rel=\"noreferrer noopener\">IP Geral 2023<\/a> &#8211;  Informa\u00e7\u00e3o&nbsp;geral para todas as provas<\/li><li><a rel=\"noreferrer noopener\" href=\"https:\/\/www.agrupamentoolaias.edu.pt\/portal\/wp-content\/uploads\/2023\/04\/IP-PF-Port91-2023-1-1.pdf\" target=\"_blank\">IP PF Port91<\/a> &#8211; Informa\u00e7\u00e3o&nbsp;sobre prova final de ciclo de Portugu\u00eas(9\u00ba ano)<\/li><li><a href=\"https:\/\/www.agrupamentoolaias.edu.pt\/portal\/wp-content\/uploads\/2023\/04\/IP-PF-EX-PLNM93-94-839-2023-1-1.pdf\" target=\"_blank\" rel=\"noreferrer noopener\">IP PF EX-PLNM 93 &#8211; 9<\/a>4 &#8211; 839 &#8211; 2023 &#8211; Informa\u00e7\u00e3o&nbsp;sobre prova final de ciclo de PLNM (9\u00ba ano)<\/li><li><a rel=\"noreferrer noopener\" href=\"https:\/\/www.agrupamentoolaias.edu.pt\/portal\/wp-content\/uploads\/2023\/04\/IP-PF-Mat92-2023-1-1.pdf\" target=\"_blank\">IP Mat92<\/a> &#8211; Informa\u00e7\u00e3o&nbsp;sobre prova final de ciclo de Matem\u00e1ticas (9\u00ba ano)<\/li><\/ul>\n\n\n\n<p><span style=\"color: #99cc00;\"><strong>Documentos internos<\/strong><\/span><\/p>\n\n\n\n<ul class=\"wp-block-list\"><li><a rel=\"noreferrer noopener\" href=\"https:\/\/www.agrupamentoolaias.edu.pt\/portal\/wp-content\/uploads\/2023\/04\/9o-ano-Provas-finais-e-PEF-informacao-aos-alunos-e-EE-2022-23-3.pdf\" target=\"_blank\">9\u00ba ano &#8211; Provas Finais e PEF<\/a> &#8211; Resumo do Regulamento de Exames, da Norma 01 e do calend\u00e1rio do ano escolar para alunos e encarregados de educa\u00e7\u00e3o\u00a0<\/li><li><a rel=\"noreferrer noopener\" href=\"https:\/\/www.agrupamentoolaias.edu.pt\/portal\/wp-content\/uploads\/2023\/06\/CALENDARIO-DE-PEF-9o-ANO_1a-Fase_2022-2023.pdf\" target=\"_blank\">Calend\u00e1rio das provas<\/a> &#8211; 1\u00aa fase<\/li><li><a href=\"https:\/\/www.agrupamentoolaias.edu.pt\/portal\/wp-content\/uploads\/2023\/06\/CALENDARIO-DE-PEF-9o-ANO_2a-fase_2022-2023.pdf\" target=\"_blank\" rel=\"noreferrer noopener\">Calend\u00e1rio das provas<\/a> &#8211; 2\u00aa fase<\/li><\/ul>\n\n\n\n<p><span style=\"color: #99cc00;\"><strong>Informa\u00e7\u00f5es-Prova &#8211; 3\u00ba Ciclo<\/strong><\/span><\/p>\n\n\n<ul>\n<li><a href=\"https:\/\/www.agrupamentoolaias.edu.pt\/portal\/wp-content\/uploads\/2023\/05\/Modelo-de-Informacao-Prova-de-Eq.-Fr..pdf\" target=\"_blank\" rel=\"noopener\">Informa\u00e7\u00e3o-Prova Franc\u00eas &#8211; 16<\/a><\/li>\n<li><a href=\"https:\/\/www.agrupamentoolaias.edu.pt\/portal\/wp-content\/uploads\/2023\/05\/Informacao-Prova-Ingles-21.pdf\" target=\"_blank\" rel=\"noopener\">Informa\u00e7\u00e3o-Prova Ingl\u00eas &#8211; 21<\/a><\/li>\n<li><a href=\"https:\/\/www.agrupamentoolaias.edu.pt\/portal\/wp-content\/uploads\/2023\/05\/Informacao-Prova-TIC-3o-ciclo_22_23.pdf\" target=\"_blank\" rel=\"noopener\">Informa\u00e7\u00e3o-Prova TIC &#8211; 24<\/a><\/li>\n<li><a href=\"https:\/\/www.agrupamentoolaias.edu.pt\/portal\/wp-content\/uploads\/2023\/05\/Informacao-Prova-82-2022-2023.pdf\" target=\"_blank\" rel=\"noopener\">Informa\u00e7\u00e3o-Prova Matem\u00e1tica &#8211; 82<\/a><\/li>\n<li><a href=\"https:\/\/www.agrupamentoolaias.edu.pt\/portal\/wp-content\/uploads\/2023\/05\/Informacao-prova-teresa-2023_revista.pdf\" target=\"_blank\" rel=\"noopener\">Informa\u00e7\u00e3o-Prova Portugu\u00eas &#8211; 81<\/a><\/li>\n<li><a href=\"https:\/\/www.agrupamentoolaias.edu.pt\/portal\/wp-content\/uploads\/2023\/05\/Informacao-PEF-FQ_3o-Ciclo-22-23-1.pdf\" target=\"_blank\" rel=\"noopener\">Informa\u00e7\u00e3o-Prova F\u00edsico-Qu\u00edmica &#8211; 11<\/a><\/li>\n<li><a href=\"https:\/\/www.agrupamentoolaias.edu.pt\/portal\/wp-content\/uploads\/2023\/05\/Informacao-Prova-de-Eq.-Fr.-ET-1.pdf\" target=\"_blank\" rel=\"noopener\">Informa\u00e7\u00e3o-Prova Educa\u00e7\u00e3o Tecnol\u00f3gica &#8211; 97<\/a><\/li>\n<li><a href=\"https:\/\/www.agrupamentoolaias.edu.pt\/portal\/wp-content\/uploads\/2023\/05\/Infor_prova_CN_22_23-1.pdf\" target=\"_blank\" rel=\"noopener\">Informa\u00e7\u00e3o-Prova Ci\u00eancias Naturais &#8211; 10<\/a><\/li>\n<li><a href=\"https:\/\/www.agrupamentoolaias.edu.pt\/portal\/wp-content\/uploads\/2023\/05\/Informacao-PEF_GEO_2023-1.pdf\" target=\"_blank\" rel=\"noopener\">Informa\u00e7\u00e3o-Prova Geografia &#8211; 18<\/a><\/li>\n<li><a href=\"https:\/\/www.agrupamentoolaias.edu.pt\/portal\/wp-content\/uploads\/2023\/05\/Informacao-Historia-PEF-2023.pdf\" target=\"_blank\" rel=\"noopener\">Informa\u00e7\u00e3o-Prova Hist\u00f3ria &#8211; 19<\/a><\/li>\n<li><a href=\"https:\/\/www.agrupamentoolaias.edu.pt\/portal\/wp-content\/uploads\/2023\/05\/Informacao-PEF-de-EF-3o-ciclo-2022-2023-1.pdf\" target=\"_blank\" rel=\"noopener\">Informa\u00e7\u00e3o-Prova Educa\u00e7\u00e3o F\u00edsica &#8211; 26<\/a><\/li>\n<li><a href=\"https:\/\/www.agrupamentoolaias.edu.pt\/portal\/wp-content\/uploads\/2023\/05\/Modelo-de-Informacao-Prova-de-Eq.-Fr.-1.pdf\" target=\"_blank\" rel=\"noopener\">Informa\u00e7\u00e3o-Prova Educa\u00e7\u00e3o Visual &#8211; 14<\/a><\/li>\n<li><a href=\"https:\/\/www.agrupamentoolaias.edu.pt\/portal\/wp-content\/uploads\/2023\/05\/Informacao-PEF_CD_2023-1-1.pdf\" target=\"_blank\" rel=\"noopener\">Informa\u00e7\u00e3o-Prova Cidadania e Desenvolvimento &#8211; 96<\/a><\/li>\n<\/ul>\n\n","protected":false},"excerpt":{"rendered":"<p>Informa\u00e7\u00f5es sobre provas de aferi\u00e7\u00e3o, provas finais e provas de equival\u00eancia&nbsp;\u00e0 frequ\u00eancia. Legisla\u00e7\u00e3o Despacho n.\u00ba 8356\/2022, de 8 de julho<\/p>\n","protected":false},"author":1,"featured_media":1330,"parent":0,"menu_order":0,"comment_status":"closed","ping_status":"closed","template":"","meta":{"footnotes":""},"class_list":["post-1961","page","type-page","status-publish","has-post-thumbnail","hentry"],"wppr_data":{"cwp_meta_box_check":"No"},"_links":{"self":[{"href":"https:\/\/www.agrupamentoolaias.edu.pt\/portal\/wp-json\/wp\/v2\/pages\/1961"}],"collection":[{"href":"https:\/\/www.agrupamentoolaias.edu.pt\/portal\/wp-json\/wp\/v2\/pages"}],"about":[{"href":"https:\/\/www.agrupamentoolaias.edu.pt\/portal\/wp-json\/wp\/v2\/types\/page"}],"author":[{"embeddable":true,"href":"https:\/\/www.agrupamentoolaias.edu.pt\/portal\/wp-json\/wp\/v2\/users\/1"}],"replies":[{"embeddable":true,"href":"https:\/\/www.agrupamentoolaias.edu.pt\/portal\/wp-json\/wp\/v2\/comments?post=1961"}],"version-history":[{"count":42,"href":"https:\/\/www.agrupamentoolaias.edu.pt\/portal\/wp-json\/wp\/v2\/pages\/1961\/revisions"}],"predecessor-version":[{"id":2129,"href":"https:\/\/www.agrupamentoolaias.edu.pt\/portal\/wp-json\/wp\/v2\/pages\/1961\/revisions\/2129"}],"wp:featuredmedia":[{"embeddable":true,"href":"https:\/\/www.agrupamentoolaias.edu.pt\/portal\/wp-json\/wp\/v2\/media\/1330"}],"wp:attachment":[{"href":"https:\/\/www.agrupamentoolaias.edu.pt\/portal\/wp-json\/wp\/v2\/media?parent=1961"}],"curies":[{"name":"wp","href":"https:\/\/api.w.org\/{rel}","templated":true}]}}