{"id":2461,"date":"2025-01-01T22:49:18","date_gmt":"2025-01-01T22:49:18","guid":{"rendered":"https:\/\/www.agrupamentoolaias.edu.pt\/portal\/?page_id=2461"},"modified":"2025-01-01T22:51:03","modified_gmt":"2025-01-01T22:51:03","slug":"padde","status":"publish","type":"page","link":"https:\/\/www.agrupamentoolaias.edu.pt\/portal\/padde\/","title":{"rendered":"PADDE"},"content":{"rendered":"\n\n\n<p>O Plano de A\u00e7\u00e3o de Desenvolvimento Digital da Escola (PADDE) <span style=\"font-weight: 400;\">\u00e9 desenvolvido no \u00e2mbito do Plano de Capacita\u00e7\u00e3o Digital Docente, dimens\u00e3o da medida I, programa de Digitaliza\u00e7\u00e3o para as Escolas, do Pilar I do Plano de Transi\u00e7\u00e3o Digital (PTD), criado pela <\/span><a href=\"https:\/\/dre.pt\/home\/-\/dre\/132133788\/details\/maximized\"><b>Resolu\u00e7\u00e3o do Conselho de Ministros n\u00ba 30\/2020<\/b><\/a><b>, <\/b><span style=\"font-weight: 400;\">que se<\/span> <span style=\"font-weight: 400;\">assume como o motor de transforma\u00e7\u00e3o do pa\u00eds, tendo como prop\u00f3sito acelerar Portugal, sem deixar ningu\u00e9m para tr\u00e1s, e projetar o pa\u00eds no mundo.<\/span><\/p>\n<p><span style=\"font-weight: 400;\">O PADDE formaliza-se num documento que corresponde a um conjunto de a\u00e7\u00f5es do Agrupamento de Escolas (AE) que levem \u00e0 integra\u00e7\u00e3o das tecnologias digitais nas rotinas do ensino e aprendizagem ap\u00f3s a realiza\u00e7\u00e3o de um diagn\u00f3stico da situa\u00e7\u00e3o da escola e dos elementos da comunidade educativa ao n\u00edvel da utiliza\u00e7\u00e3o do digital.<\/span><\/p>\n<p>No AE das Olaias s\u00e3o divulgadas as iniciativas realizadas no \u00e2mbito do PADDE.<\/p>\n<ul>\n<li><a href=\"https:\/\/sites.google.com\/agrupamentoolaias.edu.pt\/aedasolaias\/Home\">Portal do PADDE<\/a><\/li>\n<li><a href=\"https:\/\/www.agrupamentoolaias.edu.pt\/portal\/category\/actividades\/seguranet\/\">SeguraNet<\/a><\/li>\n<\/ul>\n\n\n\n\n","protected":false},"excerpt":{"rendered":"<p>O Plano de A\u00e7\u00e3o de Desenvolvimento Digital da Escola (PADDE) \u00e9 desenvolvido no \u00e2mbito do Plano de Capacita\u00e7\u00e3o Digital Docente,<\/p>\n","protected":false},"author":1,"featured_media":2462,"parent":0,"menu_order":0,"comment_status":"closed","ping_status":"closed","template":"","meta":{"footnotes":""},"class_list":["post-2461","page","type-page","status-publish","has-post-thumbnail","hentry"],"wppr_data":[],"_links":{"self":[{"href":"https:\/\/www.agrupamentoolaias.edu.pt\/portal\/wp-json\/wp\/v2\/pages\/2461"}],"collection":[{"href":"https:\/\/www.agrupamentoolaias.edu.pt\/portal\/wp-json\/wp\/v2\/pages"}],"about":[{"href":"https:\/\/www.agrupamentoolaias.edu.pt\/portal\/wp-json\/wp\/v2\/types\/page"}],"author":[{"embeddable":true,"href":"https:\/\/www.agrupamentoolaias.edu.pt\/portal\/wp-json\/wp\/v2\/users\/1"}],"replies":[{"embeddable":true,"href":"https:\/\/www.agrupamentoolaias.edu.pt\/portal\/wp-json\/wp\/v2\/comments?post=2461"}],"version-history":[{"count":1,"href":"https:\/\/www.agrupamentoolaias.edu.pt\/portal\/wp-json\/wp\/v2\/pages\/2461\/revisions"}],"predecessor-version":[{"id":2463,"href":"https:\/\/www.agrupamentoolaias.edu.pt\/portal\/wp-json\/wp\/v2\/pages\/2461\/revisions\/2463"}],"wp:featuredmedia":[{"embeddable":true,"href":"https:\/\/www.agrupamentoolaias.edu.pt\/portal\/wp-json\/wp\/v2\/media\/2462"}],"wp:attachment":[{"href":"https:\/\/www.agrupamentoolaias.edu.pt\/portal\/wp-json\/wp\/v2\/media?parent=2461"}],"curies":[{"name":"wp","href":"https:\/\/api.w.org\/{rel}","templated":true}]}}