{"id":2959,"date":"2026-05-12T20:09:51","date_gmt":"2026-05-12T20:09:51","guid":{"rendered":"https:\/\/www.agrupamentoolaias.edu.pt\/portal\/?page_id=2959"},"modified":"2026-05-12T20:59:45","modified_gmt":"2026-05-12T20:59:45","slug":"provas-extraordinarias-de-avaliacao-3o-ciclo","status":"publish","type":"page","link":"https:\/\/www.agrupamentoolaias.edu.pt\/portal\/provas-extraordinarias-de-avaliacao-3o-ciclo\/","title":{"rendered":"Provas extraordin\u00e1rias de avalia\u00e7\u00e3o 3\u00ba ciclo"},"content":{"rendered":"\n<table style=\"border-collapse: collapse; width: 100%; height: 109px;\">\n<tbody>\n<tr style=\"height: 23px;\">\n<td style=\"width: 54.8598%; text-align: center; height: 23px;\"><strong>7\u00ba ano &#8211; Informa\u00e7\u00e3o<\/strong><\/td>\n<td style=\"width: 45.1402%; text-align: center; height: 23px;\"><strong>8\u00ba ano &#8211; Informa\u00e7\u00e3o<\/strong><\/td>\n<\/tr>\n<tr style=\"height: 23px;\">\n<td style=\"width: 54.8598%; height: 23px;\">\n<ul>\n<li><a href=\"https:\/\/www.agrupamentoolaias.edu.pt\/portal\/wp-content\/uploads\/2026\/05\/Cidadania-e-Desenvolvimento-2.pdf\">PEA Cidadania e Desenvolvimento 7\u00ba ano<\/a><\/li>\n<li><a href=\"https:\/\/www.agrupamentoolaias.edu.pt\/portal\/wp-content\/uploads\/2026\/05\/Ciencias-Naturais-2.pdf\">PEA Ci\u00eancias Naturais 7\u00ba ano<\/a><\/li>\n<li><a href=\"https:\/\/www.agrupamentoolaias.edu.pt\/portal\/wp-content\/uploads\/2026\/05\/Educacao-Fisica-2.pdf\">PEA Educa\u00e7\u00e3o F\u00edsica 7\u00ba ano<\/a><\/li>\n<li>PEA <a href=\"https:\/\/www.agrupamentoolaias.edu.pt\/portal\/wp-content\/uploads\/2026\/05\/Educacao-Tecnologica-2.pdf\">Educa\u00e7\u00e3o Tecnol\u00f3gica 7\u00ba ano<\/a><\/li>\n<li><a href=\"https:\/\/www.agrupamentoolaias.edu.pt\/portal\/wp-content\/uploads\/2026\/05\/Educacao-Visual-2.pdf\">PEA Educa\u00e7\u00e3o Visual\u00a0 7\u00ba ano<\/a><\/li>\n<li><a href=\"https:\/\/www.agrupamentoolaias.edu.pt\/portal\/wp-content\/uploads\/2026\/05\/Fisica-Quimica.pdf\">PEA F\u00edsico-Qu\u00edmica 7\u00ba ano<\/a><\/li>\n<li><a href=\"https:\/\/www.agrupamentoolaias.edu.pt\/portal\/wp-content\/uploads\/2026\/05\/Frances.pdf\">PEA Franc\u00eas 7\u00ba ano<\/a><\/li>\n<li><a href=\"https:\/\/www.agrupamentoolaias.edu.pt\/portal\/wp-content\/uploads\/2026\/05\/Geografia.pdf\">PEA Geografia 7\u00ba ano<\/a><\/li>\n<li><a href=\"https:\/\/www.agrupamentoolaias.edu.pt\/portal\/wp-content\/uploads\/2026\/05\/Historia.pdf\">PEA Hist\u00f3ria 7\u00ba ano<\/a><\/li>\n<li><a href=\"https:\/\/www.agrupamentoolaias.edu.pt\/portal\/wp-content\/uploads\/2026\/05\/Ingles-2.pdf\">PEA Ingl\u00eas 7\u00ba ano<\/a><\/li>\n<li><a href=\"https:\/\/www.agrupamentoolaias.edu.pt\/portal\/wp-content\/uploads\/2026\/05\/Matematica-2.pdf\">PEA Matem\u00e1tica 7\u00ba ano<\/a><\/li>\n<li><a href=\"https:\/\/www.agrupamentoolaias.edu.pt\/portal\/wp-content\/uploads\/2026\/05\/Portugues-2.pdf\">PEA Portugu\u00eas 7\u00ba ano<\/a><\/li>\n<li><a href=\"https:\/\/www.agrupamentoolaias.edu.pt\/portal\/wp-content\/uploads\/2026\/05\/Tecnologias-de-Informacao-e-Comunicacao-2.pdf\">PEA Tecnologias de Informa\u00e7\u00e3o e Comunica\u00e7\u00e3o<\/a><\/li>\n<\/ul>\n<\/td>\n<td style=\"width: 45.1402%; height: 23px;\">\n<ul>\n<li><a href=\"https:\/\/www.agrupamentoolaias.edu.pt\/portal\/wp-content\/uploads\/2026\/05\/Cidadania-e-Desenvolvimento-3.pdf\">PEA Cidadania e Desenvolvimento 8\u00ba ano<\/a><\/li>\n<li><a style=\"font-family: inherit; font-size: inherit; font-weight: inherit;\" href=\"https:\/\/www.agrupamentoolaias.edu.pt\/portal\/wp-content\/uploads\/2026\/05\/Ciencias-Naturais-3.pdf\">PEA Ci\u00eancias Naturais 8\u00ba ano<\/a><\/li>\n<li><a style=\"font-family: inherit; font-size: inherit; font-weight: inherit;\" href=\"https:\/\/www.agrupamentoolaias.edu.pt\/portal\/wp-content\/uploads\/2026\/05\/Educacao-Fisica-3.pdf\">PEA Educa\u00e7\u00e3o F\u00edsica 8\u00ba ano<\/a><\/li>\n<li><a style=\"font-family: inherit; font-size: inherit; font-weight: inherit;\" href=\"https:\/\/www.agrupamentoolaias.edu.pt\/portal\/wp-content\/uploads\/2026\/05\/Educacao-Tecnologica-3.pdf\">PEA Educa\u00e7\u00e3o Tecnol\u00f3gica 8\u00ba ano<\/a><\/li>\n<li><a style=\"font-family: inherit; font-size: inherit; font-weight: inherit;\" href=\"https:\/\/www.agrupamentoolaias.edu.pt\/portal\/wp-content\/uploads\/2026\/05\/Educacao-Visual-3.pdf\">PEA Educa\u00e7\u00e3o Visual 8\u00ba ano<\/a><\/li>\n<li><a style=\"font-family: inherit; font-size: inherit; font-weight: inherit;\" href=\"https:\/\/www.agrupamentoolaias.edu.pt\/portal\/wp-content\/uploads\/2026\/05\/Fisica-Quimica-1.pdf\">PEA F\u00edsico-Qu\u00edmica 8\u00ba ano<\/a><\/li>\n<li><a style=\"font-family: inherit; font-size: inherit; font-weight: inherit;\" href=\"https:\/\/www.agrupamentoolaias.edu.pt\/portal\/wp-content\/uploads\/2026\/05\/Frances-1.pdf\">PEA Franc\u00eas 8\u00ba ano<\/a><\/li>\n<li><a style=\"font-family: inherit; font-size: inherit; font-weight: inherit;\" href=\"https:\/\/www.agrupamentoolaias.edu.pt\/portal\/wp-content\/uploads\/2026\/05\/Geografia-1.pdf\">PEA Geografia 8\u00ba ano<\/a><\/li>\n<li><a style=\"font-family: inherit; font-size: inherit; font-weight: inherit;\" href=\"https:\/\/www.agrupamentoolaias.edu.pt\/portal\/wp-content\/uploads\/2026\/05\/Historia-1.pdf\">PEA Hist\u00f3ria 8\u00ba ano<\/a><\/li>\n<li><a style=\"font-family: inherit; font-size: inherit; font-weight: inherit;\" href=\"https:\/\/www.agrupamentoolaias.edu.pt\/portal\/wp-content\/uploads\/2026\/05\/Ingles-3.pdf\">PEA Ingl\u00eas 8\u00ba ano<\/a><\/li>\n<li><a style=\"font-family: inherit; font-size: inherit; font-weight: inherit;\" href=\"https:\/\/www.agrupamentoolaias.edu.pt\/portal\/wp-content\/uploads\/2026\/05\/Matematica-3.pdf\">PEA Matem\u00e1tica 8\u00ba ano<\/a><\/li>\n<li><a style=\"font-family: inherit; font-size: inherit; font-weight: inherit;\" href=\"https:\/\/www.agrupamentoolaias.edu.pt\/portal\/wp-content\/uploads\/2026\/05\/Portugues-3.pdf\">PEA Portugu\u00eas 8\u00ba ano<\/a><\/li>\n<li><a style=\"font-family: inherit; font-size: inherit; font-weight: inherit;\" href=\"https:\/\/www.agrupamentoolaias.edu.pt\/portal\/wp-content\/uploads\/2026\/05\/Tecnologias-de-Comunicacao-e-Informacao.pdf\">PEA Tecnologias de Comunica\u00e7\u00e3o e Informa\u00e7\u00e3o 8\u00ba ano<\/a><\/li>\n<\/ul>\n<\/td>\n<\/tr>\n<tr style=\"height: 23px;\">\n<td style=\"width: 54.8598%; text-align: center; height: 23px;\"><strong>9\u00ba ano &#8211; Informa\u00e7\u00e3o<\/strong><\/td>\n<td style=\"width: 45.1402%; height: 23px;\">\u00a0<\/td>\n<\/tr>\n<tr style=\"height: 23px;\">\n<td style=\"width: 54.8598%; height: 23px;\">\n<ul>\n<li><a href=\"https:\/\/www.agrupamentoolaias.edu.pt\/portal\/wp-content\/uploads\/2026\/05\/Cidadania-e-Desenvolvimento-4.pdf\">PEA Cidadania e Desenvolvimento 9\u00ba ano<\/a><\/li>\n<li><a style=\"font-family: inherit; font-weight: inherit;\" href=\"https:\/\/www.agrupamentoolaias.edu.pt\/portal\/wp-content\/uploads\/2026\/05\/Ciencias-Naturais-4.pdf\">PEA Ci\u00eancias Naturais 9\u00ba ano<\/a><\/li>\n<li><a style=\"font-family: inherit; font-weight: inherit;\" href=\"https:\/\/www.agrupamentoolaias.edu.pt\/portal\/wp-content\/uploads\/2026\/05\/Educacao-Fisica-4.pdf\">PEA Educa\u00e7\u00e3o F\u00edsica 9\u00ba ano<\/a><\/li>\n<li><a style=\"font-family: inherit; font-weight: inherit;\" href=\"https:\/\/www.agrupamentoolaias.edu.pt\/portal\/wp-content\/uploads\/2026\/05\/Educacao-Tecnologica-4.pdf\">PEA Educa\u00e7\u00e3o Tecnol\u00f3gica 9\u00ba ano<\/a><\/li>\n<li><a style=\"font-family: inherit; font-weight: inherit;\" href=\"https:\/\/www.agrupamentoolaias.edu.pt\/portal\/wp-content\/uploads\/2026\/05\/Educacao-Visual-4.pdf\">PEA Educa\u00e7\u00e3o Visual 9\u00ba ano<\/a><\/li>\n<li><a style=\"font-family: inherit; font-weight: inherit;\" href=\"https:\/\/www.agrupamentoolaias.edu.pt\/portal\/wp-content\/uploads\/2026\/05\/Fisico-Quimica.pdf\">PEA F\u00edsico-Qu\u00edmica 9\u00ba ano<\/a><\/li>\n<li><a style=\"font-family: inherit; font-weight: inherit;\" href=\"https:\/\/www.agrupamentoolaias.edu.pt\/portal\/wp-content\/uploads\/2026\/05\/Frances-2.pdf\">PEA Franc\u00eas 9\u00ba\u00a0 ano<\/a><\/li>\n<li><a style=\"font-family: inherit; font-weight: inherit;\" href=\"https:\/\/www.agrupamentoolaias.edu.pt\/portal\/wp-content\/uploads\/2026\/05\/Geografia-2.pdf\">PEA Geografia 9 ano<\/a><\/li>\n<li><a style=\"font-family: inherit; font-weight: inherit;\" href=\"https:\/\/www.agrupamentoolaias.edu.pt\/portal\/wp-content\/uploads\/2026\/05\/Historia-2.pdf\">PEA Hist\u00f3ria 9\u00ba ano<\/a><\/li>\n<li><a style=\"font-family: inherit; font-weight: inherit;\" href=\"https:\/\/www.agrupamentoolaias.edu.pt\/portal\/wp-content\/uploads\/2026\/05\/Ingles-4.pdf\">PEA Ingl\u00eas 9\u00ba ano<\/a><\/li>\n<li><a href=\"https:\/\/www.agrupamentoolaias.edu.pt\/portal\/wp-content\/uploads\/2026\/05\/Tecnologias-de-Informacao-e-Comunicacao-3.pdf\">PEA Tecnologias de Informa\u00e7\u00e3o e Comunica\u00e7\u00e3o 9\u00ba ano<\/a><\/li>\n<\/ul>\n<\/td>\n<td style=\"width: 45.1402%; height: 23px;\">\u00a0<\/td>\n<\/tr>\n<\/tbody>\n<\/table>\n\n\n","protected":false},"excerpt":{"rendered":"<p>7\u00ba ano &#8211; Informa\u00e7\u00e3o 8\u00ba ano &#8211; Informa\u00e7\u00e3o PEA Cidadania e Desenvolvimento 7\u00ba ano PEA Ci\u00eancias Naturais 7\u00ba ano PEA<\/p>\n","protected":false},"author":1,"featured_media":0,"parent":0,"menu_order":0,"comment_status":"closed","ping_status":"closed","template":"","meta":{"footnotes":""},"class_list":["post-2959","page","type-page","status-publish","hentry"],"wppr_data":[],"_links":{"self":[{"href":"https:\/\/www.agrupamentoolaias.edu.pt\/portal\/wp-json\/wp\/v2\/pages\/2959"}],"collection":[{"href":"https:\/\/www.agrupamentoolaias.edu.pt\/portal\/wp-json\/wp\/v2\/pages"}],"about":[{"href":"https:\/\/www.agrupamentoolaias.edu.pt\/portal\/wp-json\/wp\/v2\/types\/page"}],"author":[{"embeddable":true,"href":"https:\/\/www.agrupamentoolaias.edu.pt\/portal\/wp-json\/wp\/v2\/users\/1"}],"replies":[{"embeddable":true,"href":"https:\/\/www.agrupamentoolaias.edu.pt\/portal\/wp-json\/wp\/v2\/comments?post=2959"}],"version-history":[{"count":6,"href":"https:\/\/www.agrupamentoolaias.edu.pt\/portal\/wp-json\/wp\/v2\/pages\/2959\/revisions"}],"predecessor-version":[{"id":3008,"href":"https:\/\/www.agrupamentoolaias.edu.pt\/portal\/wp-json\/wp\/v2\/pages\/2959\/revisions\/3008"}],"wp:attachment":[{"href":"https:\/\/www.agrupamentoolaias.edu.pt\/portal\/wp-json\/wp\/v2\/media?parent=2959"}],"curies":[{"name":"wp","href":"https:\/\/api.w.org\/{rel}","templated":true}]}}