{"id":73,"date":"2016-01-28T21:52:22","date_gmt":"2016-01-28T21:52:22","guid":{"rendered":"http:\/\/www.agrupamentoolaias.edu.pt\/portal\/?page_id=73"},"modified":"2016-01-28T21:52:22","modified_gmt":"2016-01-28T21:52:22","slug":"historia","status":"publish","type":"page","link":"https:\/\/www.agrupamentoolaias.edu.pt\/portal\/historia\/","title":{"rendered":"Hist\u00f3ria"},"content":{"rendered":"<p style=\"text-align: justify;\">O Agrupamento das Olaias tem a sua sede na Escola EB 2,3 das Olaias, cuja constru\u00e7\u00e3o remonta ao ano de 1983. O Agrupamento foi criado no ano letivo de 2003\/04 e \u00e9 constitu\u00eddo pelos seguintes estabelecimentos de Ensino: Escola EB 2,3 das Olaias; Escola EB 1 &#8211; Engenheiro Duarte Pacheco; Escola EB 1 &#8211; Actor Vale; Jardim-de-Inf\u00e2ncia S. Jo\u00e3o n\u00ba 2; Jardim-de-Inf\u00e2ncia do Beato e a Escola EB 1 com JI do Armador.<br \/>\nNo ano de 1983, as actuais instala\u00e7\u00f5es da escola sede, EB 2,3 das Olaias, tinham como destino uma escola que substituiria a escola Preparat\u00f3ria Ces\u00e1rio Verde, cujas instala\u00e7\u00f5es se encontravam bastante degradadas. O \u00f3rg\u00e3o de gest\u00e3o da Escola Ces\u00e1rio Verde n\u00e3o aceitou a mudan\u00e7a, uma vez que n\u00e3o existia um pavilh\u00e3o Gimnodesportivo, fundamental para a popula\u00e7\u00e3o escolar que a frequentava. Assim, o novo espa\u00e7o escolar dotado de uma comiss\u00e3o instaladora, passou a ser uma sec\u00e7\u00e3o da Escola Secund\u00e1ria D. Filipa de Lencastre e as aulas iniciaram-se no 2\u00ba per\u00edodo do ano lectivo de 1983-84.<br \/>\nA portaria n\u00ba 846\/84 de 3 de Novembro criou a Escola Secund\u00e1ria das Olaias que entrou em funcionamento em 1 de Outubro de 1984 nas actuais instala\u00e7\u00f5es da escola sede, EB 2,3 das Olaias. At\u00e9 ao ano letivo de 1991\/92 funcionaram os 7\u00ba, 8\u00ba e 9\u00ba anos de escolaridade, a partir desse ano iniciou-se o 10\u00ba ano de escolaridade e nos anos seguintes iniciaram-se os restantes.<br \/>\nA Escola EB 2,3 das Olaias, foi criada em 2000, merc\u00ea da fus\u00e3o das antigas Escolas Secund\u00e1ria das Olaias e da Escola Preparat\u00f3ria Ces\u00e1rio Verde. S\u00f3 no final do ano lectivo de 2006\/07 se concretizou a constru\u00e7\u00e3o do Pavilh\u00e3o Gimnodesportivo, cuja utiliza\u00e7\u00e3o abrange atualmente a popula\u00e7\u00e3o das Olaias\/Picheleira, atrav\u00e9s de protocolo celebrado com a Junta de Freguesia do Beato.<\/p>\n","protected":false},"excerpt":{"rendered":"<p>O Agrupamento das Olaias tem a sua sede na Escola EB 2,3 das Olaias, cuja constru\u00e7\u00e3o remonta ao ano de<\/p>\n","protected":false},"author":1,"featured_media":0,"parent":0,"menu_order":0,"comment_status":"closed","ping_status":"closed","template":"","meta":{"footnotes":""},"class_list":["post-73","page","type-page","status-publish","hentry"],"wppr_data":{"cwp_meta_box_check":"No","cwp_rev_product_name":"","cwp_rev_product_image":"","cwp_image_link":"image","cwp_rev_price":""},"_links":{"self":[{"href":"https:\/\/www.agrupamentoolaias.edu.pt\/portal\/wp-json\/wp\/v2\/pages\/73"}],"collection":[{"href":"https:\/\/www.agrupamentoolaias.edu.pt\/portal\/wp-json\/wp\/v2\/pages"}],"about":[{"href":"https:\/\/www.agrupamentoolaias.edu.pt\/portal\/wp-json\/wp\/v2\/types\/page"}],"author":[{"embeddable":true,"href":"https:\/\/www.agrupamentoolaias.edu.pt\/portal\/wp-json\/wp\/v2\/users\/1"}],"replies":[{"embeddable":true,"href":"https:\/\/www.agrupamentoolaias.edu.pt\/portal\/wp-json\/wp\/v2\/comments?post=73"}],"version-history":[{"count":1,"href":"https:\/\/www.agrupamentoolaias.edu.pt\/portal\/wp-json\/wp\/v2\/pages\/73\/revisions"}],"predecessor-version":[{"id":74,"href":"https:\/\/www.agrupamentoolaias.edu.pt\/portal\/wp-json\/wp\/v2\/pages\/73\/revisions\/74"}],"wp:attachment":[{"href":"https:\/\/www.agrupamentoolaias.edu.pt\/portal\/wp-json\/wp\/v2\/media?parent=73"}],"curies":[{"name":"wp","href":"https:\/\/api.w.org\/{rel}","templated":true}]}}

História

<p style="text-align: justify;">O Agrupamento das Olaias tem a sua sede na Escola EB 2,3 das Olaias, cuja construção remonta ao ano de 1983. O Agrupamento foi criado no ano letivo de 2003/04 e é constituído pelos seguintes estabelecimentos de Ensino: Escola EB 2,3 das Olaias; Escola EB 1 &#8211; Engenheiro Duarte Pacheco; Escola EB 1 &#8211; Actor Vale; Jardim-de-Infância S. João nº 2; Jardim-de-Infância do Beato e a Escola EB 1 com JI do Armador.<br />
No ano de 1983, as actuais instalações da escola sede, EB 2,3 das Olaias, tinham como destino uma escola que substituiria a escola Preparatória Cesário Verde, cujas instalações se encontravam bastante degradadas. O órgão de gestão da Escola Cesário Verde não aceitou a mudança, uma vez que não existia um pavilhão Gimnodesportivo, fundamental para a população escolar que a frequentava. Assim, o novo espaço escolar dotado de uma comissão instaladora, passou a ser uma secção da Escola Secundária D. Filipa de Lencastre e as aulas iniciaram-se no 2º período do ano lectivo de 1983-84.<br />
A portaria nº 846/84 de 3 de Novembro criou a Escola Secundária das Olaias que entrou em funcionamento em 1 de Outubro de 1984 nas actuais instalações da escola sede, EB 2,3 das Olaias. Até ao ano letivo de 1991/92 funcionaram os 7º, 8º e 9º anos de escolaridade, a partir desse ano iniciou-se o 10º ano de escolaridade e nos anos seguintes iniciaram-se os restantes.<br />
A Escola EB 2,3 das Olaias, foi criada em 2000, mercê da fusão das antigas Escolas Secundária das Olaias e da Escola Preparatória Cesário Verde. Só no final do ano lectivo de 2006/07 se concretizou a construção do Pavilhão Gimnodesportivo, cuja utilização abrange atualmente a população das Olaias/Picheleira, através de protocolo celebrado com a Junta de Freguesia do Beato.</p>

<p>O Agrupamento das Olaias tem a sua sede na Escola EB 2,3 das Olaias, cuja construção remonta ao ano de</p>
